 remainder when 1584 is divided by 15.
9
What is the remainder when 867 is divided by 23?
16
What is the remainder when 2063 is divided by 24?
23
What is the remainder when 498 is divided by 44?
14
Calculate the remainder when 26 is divided by 14.
12
What is the remainder when 26 is divided by 9?
8
What is the remainder when 77 is divided by 67?
10
What is the remainder when 38800 is divided by 23?
22
Calculate the remainder when 390 is divided by 134.
122
What is the remainder when 602 is divided by 39?
17
Calculate the remainder when 31030 is divided by 11.
10
Calculate the remainder when 228 is divided by 11.
8
Calculate the remainder when 45 is divided by 43.
2
Calculate the remainder when 31 is divided by 17.
14
Calculate the remainder when 199 is divided by 5.
4
Calculate the remainder when 142 is divided by 54.
34
What is the remainder when 289 is divided by 66?
25
Calculate the remainder when 1000 is divided by 32.
8
What is the remainder when 56 is divided by 8?
0
Calculate the remainder when 3240 is divided by 35.
20
Calculate the remainder when 371 is divided by 361.
10
Calculate the remainder when 2468 is divided by 7.
4
What is the remainder when 6351 is divided by 13?
7
Calculate the remainder when 852 is divided by 78.
72
Calculate the remainder when 410 is divided by 195.
20
What is the remainder when 351 is divided by 38?
9
What is the remainder when 1167 is divided by 20?
7
Calculate the remainder when 6845 is divided by 14.
13
What is the remainder when 973 is divided by 16?
13
Calculate the remainder when 285 is divided by 74.
63
Calculate the remainder when 374 is divided by 267.
107
What is the remainder when 772 is divided by 46?
36
Calculate the remainder when 140 is divided by 127.
13
What is the remainder when 649 is divided by 189?
82
What is the remainder when 31 is divided by 12?
7
Calculate the remainder when 4545 is divided by 1511.
12
What is the remainder when 8694 is divided by 185?
184
What is the remainder when 396 is divided by 50?
46
What is the remainder when 400 is divided by 123?
31
What is the remainder when 650 is divided by 93?
92
Calculate the remainder when 39 is divided by 15.
9
Calculate the remainder when 240 is divided by 27.
24
Calculate the remainder when 1491 is divided by 23.
19
What is the remainder when 150 is divided by 31?
26
Calculate the remainder when 345 is divided by 87.
84
Calculate the remainder when 19095 is divided by 44.
43
Calculate the remainder when 158 is divided by 33.
26
What is the remainder when 10213 is divided by 1134?
7
Calculate the remainder when 204 is divided by 71.
62
Calculate the remainder when 703 is divided by 32.
31
What is the remainder when 307 is divided by 5?
2
What is the remainder when 709 is divided by 180?
169
What is the remainder when 2375 is divided by 39?
35
What is the remainder when 83 is divided by 16?
3
Calculate the remainder when 414 is divided by 54.
36
What is the remainder when 91 is divided by 36?
19
Calculate the remainder when 47 is divided by 12.
11
What is the remainder when 150 is divided by 44?
18
Calculate the remainder when 556 is divided by 43.
40
What is the remainder when 926 is divided by 135?
116
What is the remainder when 456 is divided by 17?
14
Calculate the remainder when 111 is divided by 19.
16
Calculate the remainder when 320 is divided by 60.
20
What is the remainder when 768 is divided by 152?
8
What is the remainder when 66025 is divided by 13?
11
What is the remainder when 351 is divided by 88?
87
What is the remainder when 5629 is divided by 23?
17
What is the remainder when 258 is divided by 63?
6
Calculate the remainder when 542 is divided by 270.
2
What is the remainder when 45 is divided by 16?
13
Calculate the remainder when 335 is divided by 316.
19
Calculate the remainder when 177 is divided by 20.
17
What is the remainder when 176 is divided by 17?
6
Calculate the remainder when 560 is divided by 22.
10
Calculate the remainder when 1553 is divided by 37.
36
What is the remainder when 962 is divided by 241?
239
What is the remainder when 2097 is divided by 57?
45
What is the remainder when 284 is divided by 123?
38
Calculate the remainder when 661 is divided by 170.
151
What is the remainder when 334 is divided by 139?
56
What is the remainder when 450 is divided by 20?
10
Calculate the remainder when 2449 is divided by 175.
174
Calculate the remainder when 14537 is divided by 217.
215
What is the remainder when 23435 is divided by 14?
13
Calculate the remainder when 505 is divided by 185.
135
What is the remainder when 178 is divided by 15?
13
What is the remainder when 68 is divided by 6?
2
What is the remainder when 459 is divided by 12?
3
Calculate the remainder when 359 is divided by 17.
2
Calculate the remainder when 5110 is divided by 142.
140
Calculate the remainder when 33 is divided by 10.
3
What is the remainder when 1662 is divided by 17?
13
Calculate the remainder when 2117 is divided by 419.
22
Calculate the remainder when 176 is divided by 82.
12
Calculate the remainder when 230 is divided by 58.
56
What is the remainder when 734 is divided by 187?
173
Calculate the remainder when 1937 is divided by 277.
275
What is the remainder when 1002 is divided by 16?
10
Calculate the remainder when 236 is divided by 16.
12
What is the remainder when 45 is divided by 13?
6
What is the remainder when 11374 is divided by 144?
142
Calculate the remainder when 70 is divided by 30.
10
What is the remainder when 85 is divided by 29?
27
What is the remainder when 93 is divided by 16?
13
What is the remainder when 783 is divided by 8?
7
Calculate the remainder when 1670 is divided by 92.
14
What is the remainder when 306 is divided by 152?
2
What is the remainder when 262 is divided by 50?
12
Calculate the remainder when 1458 is divided by 364.
2
Calculate the remainder when 487 is divided by 7.
4
What is the remainder when 3743 is divided by 80?
63
What is the remainder when 345 is divided by 106?
27
Calculate the remainder when 222 is divided by 75.
72
What is the remainder when 74 is divided by 3?
2
Calculate the remainder when 542 is divided by 76.
10
What is the remainder when 30922 is divided by 17?
16
What is the remainder when 941 is divided by 26?
5
Calculate the remainder when 2231 is divided by 93.
92
What is the remainder when 500 is divided by 17?
7
What is the remainder when 472 is divided by 128?
88
What is the remainder when 96 is divided by 20?
16
What is the remainder when 780 is divided by 91?
52
Calculate the remainder when 1082 is divided by 91.
81
What is the remainder when 316 is divided by 61?
11
Calculate the remainder when 111 is divided by 51.
9
What is the remainder when 748 is divided by 50?
48
What is the remainder when 228 is divided by 73?
9
What is the remainder when 590 is divided by 35?
30
Calculate the remainder when 28 is divided by 15.
13
What is the remainder when 39 is divided by 10?
9
Calculate the remainder when 406 is divided by 390.
16
Calculate the remainder when 285 is divided by 18.
15
Calculate the remainder when 838 is divided by 56.
54
Calculate the remainder when 887 is divided by 250.
137
What is the remainder when 350 is divided by 166?
18
Calculate the remainder when 55 is divided by 31.
24
Calculate the remainder when 263 is divided by 260.
3
Calculate the remainder when 319 is divided by 47.
37
What is the remainder when 241 is divided by 27?
25
Calculate the remainder when 659 is divided by 55.
54
What is the remainder when 6198 is divided by 31?
29
What is the remainder when 35 is divided by 18?
17
What is the remainder when 352 is divided by 48?
16
What is the remainder when 215 is divided by 27?
26
What is the remainder when 1153 is divided by 29?
22
Calculate the remainder when 362 is divided by 128.
106
Calculate the remainder when 2238 is divided by 16.
14
Calculate the remainder when 104 is divided by 1.
0
What is the remainder when 4494 is divided by 3?
0
Calculate the remainder when 310 is divided by 12.
10
What is the remainder when 824 is divided by 12?
8
Calculate the remainder when 4100 is divided by 62.
8
Calculate the remainder when 3176 is divided by 1587.
2
What is the remainder when 167 is divided by 42?
41
Calculate the remaind